{"id":205,"date":"2018-01-24T21:33:45","date_gmt":"2018-01-24T21:33:45","guid":{"rendered":"http:\/\/barfred.eu\/gallery\/?page_id=205"},"modified":"2025-03-07T11:31:23","modified_gmt":"2025-03-07T11:31:23","slug":"forestartproject-fap","status":"publish","type":"page","link":"https:\/\/barfred.eu\/gallery\/index.php\/forestartproject-fap\/","title":{"rendered":"ForestArtProject, FAP"},"content":{"rendered":"\n<p class=\"has-medium-font-size\"><strong>F<\/strong>orest<strong>A<\/strong>rt<strong>P<\/strong>roject.<\/p>\n\n\n\n<p><span data-offset-key=\"9ctmb-0-0\">FAP was created by danish artist Philip Barfred in january 2017. It is a socio-artistic project aimed at increasing human-forest relations and interference. The forest is seen and understood as an evolved living entity conscious and able to communicate. The Project aim is to enhance this interspecies communication by means of &#8220;landart&#8221; installations, objects, etc. for the mutual benefit of both.<\/span><\/p>\n\n\n\n<p>&#8220;Trees are the largest and most spiritually advanced plants on Earth. They are constantly in meditation. Subtle energy is their natural language.&#8221; <\/p>\n\n\n\n<p class=\"has-small-font-size\">~Mantak Chia<\/p>\n\n\n\n<p>More info on its <a href=\"https:\/\/www.facebook.com\/ForestArtProject\" target=\"_blank\" rel=\"noopener noreferrer\">Facebookpage<\/a><\/p>\n\n\n\n<p>March 2020: The City council of <a rel=\"noreferrer noopener\" href=\"http:\/\/andelot-morval.fr\/\" target=\"_blank\">Andelot-Morval<\/a> has authorized Forest Art Project to begin the realisation of an art project in the communal forest leading to the belved\u00e8re next to the Chateau d&#8217;Andelot.  It will be magic. The project PAF, Projet Art F\u00f4ret now has its own facebook page <a rel=\"noreferrer noopener\" href=\"https:\/\/www.facebook.com\/ProjetArtForet\" target=\"_blank\">PAF<\/a><\/p>\n\n\n\n<figure class=\"wp-block-image size-large\"><img decoding=\"async\" loading=\"lazy\" width=\"1024\" height=\"576\" src=\"https:\/\/barfred.eu\/gallery\/wp-content\/uploads\/2021\/09\/PAF_carte-1024x576.jpg\" alt=\"\" class=\"wp-image-1038\" srcset=\"https:\/\/barfred.eu\/gallery\/wp-content\/uploads\/2021\/09\/PAF_carte-1024x576.jpg 1024w, https:\/\/barfred.eu\/gallery\/wp-content\/uploads\/2021\/09\/PAF_carte-300x169.jpg 300w, https:\/\/barfred.eu\/gallery\/wp-content\/uploads\/2021\/09\/PAF_carte-768x432.jpg 768w, https:\/\/barfred.eu\/gallery\/wp-content\/uploads\/2021\/09\/PAF_carte-1536x864.jpg 1536w, https:\/\/barfred.eu\/gallery\/wp-content\/uploads\/2021\/09\/PAF_carte-1170x658.jpg 1170w, https:\/\/barfred.eu\/gallery\/wp-content\/uploads\/2021\/09\/PAF_carte.jpg 1920w\" sizes=\"(max-width: 1024px) 100vw, 1024px\" \/><\/figure>\n\n\n\n<h6 class=\"wp-block-heading\" id=\"block-0a7f978d-826b-44cd-85ca-7312a0d32dfa\">Le parcours depuis l&#8217;abri forestier<\/h6>\n\n\n\n<p><\/p>\n\n\n\n<p><\/p>\n\n\n\n<p><strong>Octobre 2020: &#8220;Encerclement des Pins\u201d.<\/strong><\/p>\n\n\n\n<figure class=\"wp-block-image size-large is-resized\"><img decoding=\"async\" loading=\"lazy\" src=\"https:\/\/barfred.eu\/gallery\/wp-content\/uploads\/2020\/10\/20201005_153030_1601913483854_1601914273806_resized-1024x576.jpg\" alt=\"\" class=\"wp-image-899\" width=\"446\" height=\"251\" srcset=\"https:\/\/barfred.eu\/gallery\/wp-content\/uploads\/2020\/10\/20201005_153030_1601913483854_1601914273806_resized-1024x576.jpg 1024w, https:\/\/barfred.eu\/gallery\/wp-content\/uploads\/2020\/10\/20201005_153030_1601913483854_1601914273806_resized-300x169.jpg 300w, https:\/\/barfred.eu\/gallery\/wp-content\/uploads\/2020\/10\/20201005_153030_1601913483854_1601914273806_resized-768x432.jpg 768w, https:\/\/barfred.eu\/gallery\/wp-content\/uploads\/2020\/10\/20201005_153030_1601913483854_1601914273806_resized-1536x864.jpg 1536w, https:\/\/barfred.eu\/gallery\/wp-content\/uploads\/2020\/10\/20201005_153030_1601913483854_1601914273806_resized-2048x1152.jpg 2048w, https:\/\/barfred.eu\/gallery\/wp-content\/uploads\/2020\/10\/20201005_153030_1601913483854_1601914273806_resized-2000x1125.jpg 2000w, https:\/\/barfred.eu\/gallery\/wp-content\/uploads\/2020\/10\/20201005_153030_1601913483854_1601914273806_resized-1170x658.jpg 1170w\" sizes=\"(max-width: 446px) 100vw, 446px\" \/><\/figure>\n\n\n\n<p>Projet Art Foresti\u00e8re. Andelot-Morval octobre 2020. Philip Barfred<br>\u201dEncerclement des Pins\u201d.<br>Installation foresti\u00e8re (land art) octobre 2020. Foret communal Andelot-Morval, Jura.<br>Cre\u00e9 un lien symbolique avec les arbres (et donc la nature).<br>Les pins sur le parcours vers le belv\u00e9d\u00e8re sont encercle avec la ficelle.<\/p>\n\n\n\n<p><\/p>\n\n\n\n<p>Aout 2021 &#8220;Cercles suspendu&#8221;:<\/p>\n\n\n\n<figure class=\"wp-block-gallery has-nested-images columns-5 is-cropped wp-block-gallery-1 is-layout-flex\">\n<figure class=\"wp-block-image size-large\"><img decoding=\"async\" loading=\"lazy\" width=\"576\" height=\"1024\" data-id=\"1030\"  src=\"https:\/\/barfred.eu\/gallery\/wp-content\/uploads\/2021\/09\/20210803_162545_1628009521970-576x1024.jpg\" alt=\"\" class=\"wp-image-1030\" srcset=\"https:\/\/barfred.eu\/gallery\/wp-content\/uploads\/2021\/09\/20210803_162545_1628009521970-576x1024.jpg 576w, https:\/\/barfred.eu\/gallery\/wp-content\/uploads\/2021\/09\/20210803_162545_1628009521970-169x300.jpg 169w, https:\/\/barfred.eu\/gallery\/wp-content\/uploads\/2021\/09\/20210803_162545_1628009521970-768x1365.jpg 768w, https:\/\/barfred.eu\/gallery\/wp-content\/uploads\/2021\/09\/20210803_162545_1628009521970-864x1536.jpg 864w, https:\/\/barfred.eu\/gallery\/wp-content\/uploads\/2021\/09\/20210803_162545_1628009521970-1152x2048.jpg 1152w, https:\/\/barfred.eu\/gallery\/wp-content\/uploads\/2021\/09\/20210803_162545_1628009521970-1170x2080.jpg 1170w, https:\/\/barfred.eu\/gallery\/wp-content\/uploads\/2021\/09\/20210803_162545_1628009521970-scaled.jpg 1440w\" sizes=\"(max-width: 576px) 100vw, 576px\" \/><\/figure>\n\n\n\n<figure class=\"wp-block-image size-large\"><img decoding=\"async\" loading=\"lazy\" width=\"576\" height=\"1024\" data-id=\"1032\"  src=\"https:\/\/barfred.eu\/gallery\/wp-content\/uploads\/2021\/09\/20210803_164137_1628009522321-576x1024.jpg\" alt=\"\" class=\"wp-image-1032\" srcset=\"https:\/\/barfred.eu\/gallery\/wp-content\/uploads\/2021\/09\/20210803_164137_1628009522321-576x1024.jpg 576w, https:\/\/barfred.eu\/gallery\/wp-content\/uploads\/2021\/09\/20210803_164137_1628009522321-169x300.jpg 169w, https:\/\/barfred.eu\/gallery\/wp-content\/uploads\/2021\/09\/20210803_164137_1628009522321-768x1365.jpg 768w, https:\/\/barfred.eu\/gallery\/wp-content\/uploads\/2021\/09\/20210803_164137_1628009522321-864x1536.jpg 864w, https:\/\/barfred.eu\/gallery\/wp-content\/uploads\/2021\/09\/20210803_164137_1628009522321-1152x2048.jpg 1152w, https:\/\/barfred.eu\/gallery\/wp-content\/uploads\/2021\/09\/20210803_164137_1628009522321-1170x2080.jpg 1170w, https:\/\/barfred.eu\/gallery\/wp-content\/uploads\/2021\/09\/20210803_164137_1628009522321-scaled.jpg 1440w\" sizes=\"(max-width: 576px) 100vw, 576px\" \/><\/figure>\n\n\n\n<figure class=\"wp-block-image size-large\"><img decoding=\"async\" loading=\"lazy\" width=\"576\" height=\"1024\" data-id=\"1033\"  src=\"https:\/\/barfred.eu\/gallery\/wp-content\/uploads\/2021\/09\/20210803_165032_1628009521724-576x1024.jpg\" alt=\"\" class=\"wp-image-1033\" srcset=\"https:\/\/barfred.eu\/gallery\/wp-content\/uploads\/2021\/09\/20210803_165032_1628009521724-576x1024.jpg 576w, https:\/\/barfred.eu\/gallery\/wp-content\/uploads\/2021\/09\/20210803_165032_1628009521724-169x300.jpg 169w, https:\/\/barfred.eu\/gallery\/wp-content\/uploads\/2021\/09\/20210803_165032_1628009521724-768x1365.jpg 768w, https:\/\/barfred.eu\/gallery\/wp-content\/uploads\/2021\/09\/20210803_165032_1628009521724-864x1536.jpg 864w, https:\/\/barfred.eu\/gallery\/wp-content\/uploads\/2021\/09\/20210803_165032_1628009521724-1152x2048.jpg 1152w, https:\/\/barfred.eu\/gallery\/wp-content\/uploads\/2021\/09\/20210803_165032_1628009521724-1170x2080.jpg 1170w, https:\/\/barfred.eu\/gallery\/wp-content\/uploads\/2021\/09\/20210803_165032_1628009521724-scaled.jpg 1440w\" sizes=\"(max-width: 576px) 100vw, 576px\" \/><\/figure>\n\n\n\n<figure class=\"wp-block-image size-large\"><img decoding=\"async\" loading=\"lazy\" width=\"576\" height=\"1024\" data-id=\"1034\"  src=\"https:\/\/barfred.eu\/gallery\/wp-content\/uploads\/2021\/09\/20210803_165048_1628009521306-576x1024.jpg\" alt=\"\" class=\"wp-image-1034\" srcset=\"https:\/\/barfred.eu\/gallery\/wp-content\/uploads\/2021\/09\/20210803_165048_1628009521306-576x1024.jpg 576w, https:\/\/barfred.eu\/gallery\/wp-content\/uploads\/2021\/09\/20210803_165048_1628009521306-169x300.jpg 169w, https:\/\/barfred.eu\/gallery\/wp-content\/uploads\/2021\/09\/20210803_165048_1628009521306-768x1365.jpg 768w, https:\/\/barfred.eu\/gallery\/wp-content\/uploads\/2021\/09\/20210803_165048_1628009521306-864x1536.jpg 864w, https:\/\/barfred.eu\/gallery\/wp-content\/uploads\/2021\/09\/20210803_165048_1628009521306-1152x2048.jpg 1152w, https:\/\/barfred.eu\/gallery\/wp-content\/uploads\/2021\/09\/20210803_165048_1628009521306-1170x2080.jpg 1170w, https:\/\/barfred.eu\/gallery\/wp-content\/uploads\/2021\/09\/20210803_165048_1628009521306-scaled.jpg 1440w\" sizes=\"(max-width: 576px) 100vw, 576px\" \/><\/figure>\n\n\n\n<figure class=\"wp-block-image size-large\"><img decoding=\"async\" loading=\"lazy\" width=\"1024\" height=\"576\" data-id=\"1035\"  src=\"https:\/\/barfred.eu\/gallery\/wp-content\/uploads\/2021\/09\/20210803_170201_1628009520833-1024x576.jpg\" alt=\"\" class=\"wp-image-1035\" srcset=\"https:\/\/barfred.eu\/gallery\/wp-content\/uploads\/2021\/09\/20210803_170201_1628009520833-1024x576.jpg 1024w, https:\/\/barfred.eu\/gallery\/wp-content\/uploads\/2021\/09\/20210803_170201_1628009520833-300x169.jpg 300w, https:\/\/barfred.eu\/gallery\/wp-content\/uploads\/2021\/09\/20210803_170201_1628009520833-768x432.jpg 768w, https:\/\/barfred.eu\/gallery\/wp-content\/uploads\/2021\/09\/20210803_170201_1628009520833-1536x864.jpg 1536w, https:\/\/barfred.eu\/gallery\/wp-content\/uploads\/2021\/09\/20210803_170201_1628009520833-2048x1152.jpg 2048w, https:\/\/barfred.eu\/gallery\/wp-content\/uploads\/2021\/09\/20210803_170201_1628009520833-2000x1125.jpg 2000w, https:\/\/barfred.eu\/gallery\/wp-content\/uploads\/2021\/09\/20210803_170201_1628009520833-1170x658.jpg 1170w\" sizes=\"(max-width: 1024px) 100vw, 1024px\" \/><\/figure>\n<\/figure>\n\n\n\n<figure class=\"wp-block-gallery has-nested-images columns-4 is-cropped wp-block-gallery-3 is-layout-flex\">\n<figure class=\"wp-block-image size-large\"><img decoding=\"async\" loading=\"lazy\" width=\"1024\" height=\"576\" data-id=\"997\"  src=\"https:\/\/barfred.eu\/gallery\/wp-content\/uploads\/2021\/08\/20210803_170201_1628009520833-1024x576.jpg\" alt=\"\" class=\"wp-image-997\" srcset=\"https:\/\/barfred.eu\/gallery\/wp-content\/uploads\/2021\/08\/20210803_170201_1628009520833-1024x576.jpg 1024w, https:\/\/barfred.eu\/gallery\/wp-content\/uploads\/2021\/08\/20210803_170201_1628009520833-300x169.jpg 300w, https:\/\/barfred.eu\/gallery\/wp-content\/uploads\/2021\/08\/20210803_170201_1628009520833-768x432.jpg 768w, https:\/\/barfred.eu\/gallery\/wp-content\/uploads\/2021\/08\/20210803_170201_1628009520833-1536x864.jpg 1536w, https:\/\/barfred.eu\/gallery\/wp-content\/uploads\/2021\/08\/20210803_170201_1628009520833-2048x1152.jpg 2048w, https:\/\/barfred.eu\/gallery\/wp-content\/uploads\/2021\/08\/20210803_170201_1628009520833-2000x1125.jpg 2000w, https:\/\/barfred.eu\/gallery\/wp-content\/uploads\/2021\/08\/20210803_170201_1628009520833-1170x658.jpg 1170w\" sizes=\"(max-width: 1024px) 100vw, 1024px\" \/><\/figure>\n\n\n\n<figure class=\"wp-block-image size-large\"><img decoding=\"async\" loading=\"lazy\" width=\"576\" height=\"1024\" data-id=\"996\"  src=\"https:\/\/barfred.eu\/gallery\/wp-content\/uploads\/2021\/08\/20210803_165032_1628009521724-576x1024.jpg\" alt=\"\" class=\"wp-image-996\" srcset=\"https:\/\/barfred.eu\/gallery\/wp-content\/uploads\/2021\/08\/20210803_165032_1628009521724-576x1024.jpg 576w, https:\/\/barfred.eu\/gallery\/wp-content\/uploads\/2021\/08\/20210803_165032_1628009521724-169x300.jpg 169w, https:\/\/barfred.eu\/gallery\/wp-content\/uploads\/2021\/08\/20210803_165032_1628009521724-768x1365.jpg 768w, https:\/\/barfred.eu\/gallery\/wp-content\/uploads\/2021\/08\/20210803_165032_1628009521724-864x1536.jpg 864w, https:\/\/barfred.eu\/gallery\/wp-content\/uploads\/2021\/08\/20210803_165032_1628009521724-1152x2048.jpg 1152w, https:\/\/barfred.eu\/gallery\/wp-content\/uploads\/2021\/08\/20210803_165032_1628009521724-1170x2080.jpg 1170w, https:\/\/barfred.eu\/gallery\/wp-content\/uploads\/2021\/08\/20210803_165032_1628009521724-scaled.jpg 1440w\" sizes=\"(max-width: 576px) 100vw, 576px\" \/><\/figure>\n\n\n\n<figure class=\"wp-block-image size-large\"><img decoding=\"async\" loading=\"lazy\" width=\"576\" height=\"1024\" data-id=\"995\"  src=\"https:\/\/barfred.eu\/gallery\/wp-content\/uploads\/2021\/08\/20210803_164137_1628009522321-576x1024.jpg\" alt=\"\" class=\"wp-image-995\" srcset=\"https:\/\/barfred.eu\/gallery\/wp-content\/uploads\/2021\/08\/20210803_164137_1628009522321-576x1024.jpg 576w, https:\/\/barfred.eu\/gallery\/wp-content\/uploads\/2021\/08\/20210803_164137_1628009522321-169x300.jpg 169w, https:\/\/barfred.eu\/gallery\/wp-content\/uploads\/2021\/08\/20210803_164137_1628009522321-768x1365.jpg 768w, https:\/\/barfred.eu\/gallery\/wp-content\/uploads\/2021\/08\/20210803_164137_1628009522321-864x1536.jpg 864w, https:\/\/barfred.eu\/gallery\/wp-content\/uploads\/2021\/08\/20210803_164137_1628009522321-1152x2048.jpg 1152w, https:\/\/barfred.eu\/gallery\/wp-content\/uploads\/2021\/08\/20210803_164137_1628009522321-1170x2080.jpg 1170w, https:\/\/barfred.eu\/gallery\/wp-content\/uploads\/2021\/08\/20210803_164137_1628009522321-scaled.jpg 1440w\" sizes=\"(max-width: 576px) 100vw, 576px\" \/><\/figure>\n\n\n\n<figure class=\"wp-block-image size-large\"><img decoding=\"async\" loading=\"lazy\" width=\"576\" height=\"1024\" data-id=\"994\"  src=\"https:\/\/barfred.eu\/gallery\/wp-content\/uploads\/2021\/08\/20210803_162545_1628009521970-576x1024.jpg\" alt=\"\" class=\"wp-image-994\" srcset=\"https:\/\/barfred.eu\/gallery\/wp-content\/uploads\/2021\/08\/20210803_162545_1628009521970-576x1024.jpg 576w, https:\/\/barfred.eu\/gallery\/wp-content\/uploads\/2021\/08\/20210803_162545_1628009521970-169x300.jpg 169w, https:\/\/barfred.eu\/gallery\/wp-content\/uploads\/2021\/08\/20210803_162545_1628009521970-768x1365.jpg 768w, https:\/\/barfred.eu\/gallery\/wp-content\/uploads\/2021\/08\/20210803_162545_1628009521970-864x1536.jpg 864w, https:\/\/barfred.eu\/gallery\/wp-content\/uploads\/2021\/08\/20210803_162545_1628009521970-1152x2048.jpg 1152w, https:\/\/barfred.eu\/gallery\/wp-content\/uploads\/2021\/08\/20210803_162545_1628009521970-1170x2080.jpg 1170w, https:\/\/barfred.eu\/gallery\/wp-content\/uploads\/2021\/08\/20210803_162545_1628009521970-scaled.jpg 1440w\" sizes=\"(max-width: 576px) 100vw, 576px\" \/><\/figure>\n<\/figure>\n","protected":false},"excerpt":{"rendered":"<p>ForestArtProject. FAP was created by danish artist Philip Barfred in january 2017. It is a socio-artistic project aimed at increasing human-forest relations and interference. The forest is seen and understood as an evolved living entity conscious and able to communicate. The Project aim is to enhance this interspecies communication by means of &#8220;landart&#8221; installations, objects, [&hellip;]<\/p>\n","protected":false},"author":1,"featured_media":0,"parent":0,"menu_order":0,"comment_status":"closed","ping_status":"closed","template":"","meta":[],"_links":{"self":[{"href":"https:\/\/barfred.eu\/gallery\/index.php\/wp-json\/wp\/v2\/pages\/205"}],"collection":[{"href":"https:\/\/barfred.eu\/gallery\/index.php\/wp-json\/wp\/v2\/pages"}],"about":[{"href":"https:\/\/barfred.eu\/gallery\/index.php\/wp-json\/wp\/v2\/types\/page"}],"author":[{"embeddable":true,"href":"https:\/\/barfred.eu\/gallery\/index.php\/wp-json\/wp\/v2\/users\/1"}],"replies":[{"embeddable":true,"href":"https:\/\/barfred.eu\/gallery\/index.php\/wp-json\/wp\/v2\/comments?post=205"}],"version-history":[{"count":19,"href":"https:\/\/barfred.eu\/gallery\/index.php\/wp-json\/wp\/v2\/pages\/205\/revisions"}],"predecessor-version":[{"id":2030,"href":"https:\/\/barfred.eu\/gallery\/index.php\/wp-json\/wp\/v2\/pages\/205\/revisions\/2030"}],"wp:attachment":[{"href":"https:\/\/barfred.eu\/gallery\/index.php\/wp-json\/wp\/v2\/media?parent=205"}],"curies":[{"name":"wp","href":"https:\/\/api.w.org\/{rel}","templated":true}]}}