{"id":1676,"date":"2023-08-04T08:03:07","date_gmt":"2023-08-04T08:03:07","guid":{"rendered":"http:\/\/barfred.eu\/gallery\/?page_id=1676"},"modified":"2023-08-04T08:21:49","modified_gmt":"2023-08-04T08:21:49","slug":"suspended-circles-st-hymetiere","status":"publish","type":"page","link":"https:\/\/barfred.eu\/gallery\/index.php\/suspended-circles-st-hymetiere\/","title":{"rendered":"Suspended circles. St.Hymeti\u00e8re"},"content":{"rendered":"\n<p><\/p>\n\n\n\n<h1 class=\"wp-block-heading\">Oeuvre landart \u00e0 la Caborne du Beuf. St. Hymeti\u00e8re sur Valouse.<\/h1>\n\n\n\n<p>L\u2019installation landart \u201dCercles suspendu\u201d est install\u00e9e dans la petite f\u00f4ret des sapins en face de la grotte. 8 cercles sont suspendu entre des troncs sapins et avec une hauteur du sol entre 2 et 4 m. Les cercles sont construits de la lierre et ficelle jute. Mat\u00e9riaux naturelles, biod\u00e9gradable et eph\u00e9m\u00e8res. Diam\u00e8tres un \u00e0 deux m\u00e8tres.<\/p>\n\n\n\n<p>Les cercles sont comme des point des l\u2019infini, des portails, des fen\u00e8tres, des recepteurs, des ouvertures, des connections, des liens.<\/p>\n\n\n\n<figure class=\"wp-block-image size-large\"><img decoding=\"async\" loading=\"lazy\" width=\"1024\" height=\"768\" src=\"https:\/\/barfred.eu\/gallery\/wp-content\/uploads\/2023\/08\/jpg2-1024x768.jpg\" alt=\"\" class=\"wp-image-1677\" srcset=\"https:\/\/barfred.eu\/gallery\/wp-content\/uploads\/2023\/08\/jpg2-1024x768.jpg 1024w, https:\/\/barfred.eu\/gallery\/wp-content\/uploads\/2023\/08\/jpg2-300x225.jpg 300w, https:\/\/barfred.eu\/gallery\/wp-content\/uploads\/2023\/08\/jpg2-768x576.jpg 768w, https:\/\/barfred.eu\/gallery\/wp-content\/uploads\/2023\/08\/jpg2-1536x1152.jpg 1536w, https:\/\/barfred.eu\/gallery\/wp-content\/uploads\/2023\/08\/jpg2-2048x1536.jpg 2048w, https:\/\/barfred.eu\/gallery\/wp-content\/uploads\/2023\/08\/jpg2-770x578.jpg 770w, https:\/\/barfred.eu\/gallery\/wp-content\/uploads\/2023\/08\/jpg2-2000x1500.jpg 2000w, https:\/\/barfred.eu\/gallery\/wp-content\/uploads\/2023\/08\/jpg2-1170x878.jpg 1170w\" sizes=\"(max-width: 1024px) 100vw, 1024px\" \/><\/figure>\n\n\n\n<figure class=\"wp-block-image size-large\"><img decoding=\"async\" loading=\"lazy\" width=\"1024\" height=\"768\" src=\"https:\/\/barfred.eu\/gallery\/wp-content\/uploads\/2023\/08\/jpg1-1024x768.jpg\" alt=\"\" class=\"wp-image-1678\" srcset=\"https:\/\/barfred.eu\/gallery\/wp-content\/uploads\/2023\/08\/jpg1-1024x768.jpg 1024w, https:\/\/barfred.eu\/gallery\/wp-content\/uploads\/2023\/08\/jpg1-300x225.jpg 300w, https:\/\/barfred.eu\/gallery\/wp-content\/uploads\/2023\/08\/jpg1-768x576.jpg 768w, https:\/\/barfred.eu\/gallery\/wp-content\/uploads\/2023\/08\/jpg1-1536x1152.jpg 1536w, https:\/\/barfred.eu\/gallery\/wp-content\/uploads\/2023\/08\/jpg1-2048x1536.jpg 2048w, https:\/\/barfred.eu\/gallery\/wp-content\/uploads\/2023\/08\/jpg1-770x578.jpg 770w, https:\/\/barfred.eu\/gallery\/wp-content\/uploads\/2023\/08\/jpg1-2000x1500.jpg 2000w, https:\/\/barfred.eu\/gallery\/wp-content\/uploads\/2023\/08\/jpg1-1170x878.jpg 1170w\" sizes=\"(max-width: 1024px) 100vw, 1024px\" \/><\/figure>\n","protected":false},"excerpt":{"rendered":"<p>Oeuvre landart \u00e0 la Caborne du Beuf. St. Hymeti\u00e8re sur Valouse. L\u2019installation landart \u201dCercles suspendu\u201d est install\u00e9e dans la petite f\u00f4ret des sapins en face de la grotte. 8 cercles sont suspendu entre des troncs sapins et avec une hauteur du sol entre 2 et 4 m. Les cercles sont construits de la lierre et [&hellip;]<\/p>\n","protected":false},"author":1,"featured_media":0,"parent":0,"menu_order":0,"comment_status":"closed","ping_status":"closed","template":"","meta":[],"_links":{"self":[{"href":"https:\/\/barfred.eu\/gallery\/index.php\/wp-json\/wp\/v2\/pages\/1676"}],"collection":[{"href":"https:\/\/barfred.eu\/gallery\/index.php\/wp-json\/wp\/v2\/pages"}],"about":[{"href":"https:\/\/barfred.eu\/gallery\/index.php\/wp-json\/wp\/v2\/types\/page"}],"author":[{"embeddable":true,"href":"https:\/\/barfred.eu\/gallery\/index.php\/wp-json\/wp\/v2\/users\/1"}],"replies":[{"embeddable":true,"href":"https:\/\/barfred.eu\/gallery\/index.php\/wp-json\/wp\/v2\/comments?post=1676"}],"version-history":[{"count":2,"href":"https:\/\/barfred.eu\/gallery\/index.php\/wp-json\/wp\/v2\/pages\/1676\/revisions"}],"predecessor-version":[{"id":1681,"href":"https:\/\/barfred.eu\/gallery\/index.php\/wp-json\/wp\/v2\/pages\/1676\/revisions\/1681"}],"wp:attachment":[{"href":"https:\/\/barfred.eu\/gallery\/index.php\/wp-json\/wp\/v2\/media?parent=1676"}],"curies":[{"name":"wp","href":"https:\/\/api.w.org\/{rel}","templated":true}]}}