{"id":159,"date":"2017-12-07T15:38:01","date_gmt":"2017-12-07T15:38:01","guid":{"rendered":"http:\/\/barfred.eu\/gallery\/?page_id=159"},"modified":"2025-09-11T08:00:26","modified_gmt":"2025-09-11T08:00:26","slug":"me","status":"publish","type":"page","link":"https:\/\/barfred.eu\/gallery\/index.php\/me\/","title":{"rendered":"me"},"content":{"rendered":"\n<h2 class=\"wp-block-heading\"><span class=\"style49\">Je peins pour rendre visible les choses.&nbsp;<\/span><\/h2>\n\n\n<div class=\"wp-block-image\">\n<figure class=\"alignright size-large is-resized\"><img decoding=\"async\" loading=\"lazy\" src=\"https:\/\/barfred.eu\/gallery\/wp-content\/uploads\/2023\/10\/FindYourOwnWay-320x1024.jpg\" alt=\"\" class=\"wp-image-1772\" width=\"194\" height=\"621\" srcset=\"https:\/\/barfred.eu\/gallery\/wp-content\/uploads\/2023\/10\/FindYourOwnWay-320x1024.jpg 320w, https:\/\/barfred.eu\/gallery\/wp-content\/uploads\/2023\/10\/FindYourOwnWay-94x300.jpg 94w, https:\/\/barfred.eu\/gallery\/wp-content\/uploads\/2023\/10\/FindYourOwnWay-768x2454.jpg 768w, https:\/\/barfred.eu\/gallery\/wp-content\/uploads\/2023\/10\/FindYourOwnWay-481x1536.jpg 481w, https:\/\/barfred.eu\/gallery\/wp-content\/uploads\/2023\/10\/FindYourOwnWay-641x2048.jpg 641w, https:\/\/barfred.eu\/gallery\/wp-content\/uploads\/2023\/10\/FindYourOwnWay-scaled.jpg 801w\" sizes=\"(max-width: 194px) 100vw, 194px\" \/><\/figure><\/div>\n\n\n<figure class=\"wp-block-image is-style-default\"><img decoding=\"async\" loading=\"lazy\" width=\"300\" height=\"200\" src=\"https:\/\/barfred.eu\/gallery\/wp-content\/uploads\/2021\/11\/image2-300x200.jpeg\" alt=\"\" class=\"wp-image-1187\"\/><\/figure>\n\n\n\n<p class=\"has-text-align-left style1 style62\"><strong><span class=\"style48\"><span class=\"style59\">&#8220;La nature, la terre, l&#8217;humanit\u00e9, ensemble en commune en solidarit\u00e9, nous sommes tous interconnect\u00e9s et interdependants les uns des autres. Notre plan\u00e8te a besoin d&#8217;un changement d&#8217;attitude&#8221;.<\/span><\/span><\/strong><\/p>\n\n\n\n<p class=\"has-text-align-left style1 style62\"><strong><span class=\"style63\">I paint to make things visible. Nature, the Earth, Mankind, together in harmony, we are all connected and interdependant. Our planet needs a change in attitude &#8211; a paradigm shift &#8211; if we are to survive.&#8221;<\/span><\/strong><\/p>\n\n\n\n<p><strong>Ma peinture voyage selon des chemins parall\u00e8les et compl\u00e9mentaires. Axes de recherche ou d&#8217;investigations sur l&#8217;esth\u00e9tique et le contenu. Comme l&#8217;arc-en-ciel compos\u00e9 de diff\u00e9rentes couleurs.<\/strong><\/p>\n\n\n\n<p><strong>My painting travels along parallel paths complementing each other. Lines of research or investigations on aestetics and content. Like the rainbow made of different colors. <\/strong><\/p>\n\n\n\n<p><\/p>\n\n\n\n<blockquote class=\"wp-block-quote is-style-default has-color-6-background-color has-background has-small-font-size\">\n<p><\/p>\n\n\n\n<p><\/p>\n<cite>&#8220;I s\u00f8gen efter en \u00e5ndelig dimension, vidden, rummet, lyset, nordens mytologi.<br>Maleri ud over det naturalistiske udtryk, malet, ser det ud til, med fredfyldt sindsro&#8221;<br><br>&#8221; A la recherche d&#8217;une dimension spirituelle, l&#8217;\u00e9tendue, l&#8217;espace, la lumi\u00e8re, la mythologie du nord.<br>Peinture au-del\u00e0 de l\u2019expression naturaliste, peinte, semble-t-il, avec une s\u00e9r\u00e9nit\u00e9 sereine.&#8221;<br><br>&#8220;Auf der Suche nach einer geistigen Dimension, der Weite, dem Raum, dem Licht, der Mythologie des Nordens.<br>Malerei jenseits naturalistischen Ausdrucks, gemalt, so scheint es, mit heiterer Gelassenheit.&#8221;<br><br>&#8220;In search of a spiritual dimension, the expanse, the space, the light, the mythology of the north.<br>Painting beyond naturalistic expression, painted, it seems, with serene serenity.&#8221;<br><br>Ferdinand G\u00f6tz, kurator, <small>Kunsthaus Deutschvilla, Strobl, Autriche.<\/small><\/cite><\/blockquote>\n","protected":false},"excerpt":{"rendered":"<p>Je peins pour rendre visible les choses.&nbsp; &#8220;La nature, la terre, l&#8217;humanit\u00e9, ensemble en commune en solidarit\u00e9, nous sommes tous interconnect\u00e9s et interdependants les uns des autres. Notre plan\u00e8te a besoin d&#8217;un changement d&#8217;attitude&#8221;. I paint to make things visible. Nature, the Earth, Mankind, together in harmony, we are all connected and interdependant. Our planet [&hellip;]<\/p>\n","protected":false},"author":1,"featured_media":0,"parent":0,"menu_order":0,"comment_status":"closed","ping_status":"closed","template":"","meta":[],"_links":{"self":[{"href":"https:\/\/barfred.eu\/gallery\/index.php\/wp-json\/wp\/v2\/pages\/159"}],"collection":[{"href":"https:\/\/barfred.eu\/gallery\/index.php\/wp-json\/wp\/v2\/pages"}],"about":[{"href":"https:\/\/barfred.eu\/gallery\/index.php\/wp-json\/wp\/v2\/types\/page"}],"author":[{"embeddable":true,"href":"https:\/\/barfred.eu\/gallery\/index.php\/wp-json\/wp\/v2\/users\/1"}],"replies":[{"embeddable":true,"href":"https:\/\/barfred.eu\/gallery\/index.php\/wp-json\/wp\/v2\/comments?post=159"}],"version-history":[{"count":25,"href":"https:\/\/barfred.eu\/gallery\/index.php\/wp-json\/wp\/v2\/pages\/159\/revisions"}],"predecessor-version":[{"id":2148,"href":"https:\/\/barfred.eu\/gallery\/index.php\/wp-json\/wp\/v2\/pages\/159\/revisions\/2148"}],"wp:attachment":[{"href":"https:\/\/barfred.eu\/gallery\/index.php\/wp-json\/wp\/v2\/media?parent=159"}],"curies":[{"name":"wp","href":"https:\/\/api.w.org\/{rel}","templated":true}]}}