{"id":1044,"date":"2021-09-15T20:20:13","date_gmt":"2021-09-15T20:20:13","guid":{"rendered":"http:\/\/barfred.eu\/gallery\/?page_id=1044"},"modified":"2021-10-06T08:19:24","modified_gmt":"2021-10-06T08:19:24","slug":"paf-projet-art-foret","status":"publish","type":"page","link":"https:\/\/barfred.eu\/gallery\/index.php\/paf-projet-art-foret\/","title":{"rendered":"PAF. Projet Art F\u00f4ret"},"content":{"rendered":"\n<p><strong>PAF. Projet Art F\u00f4ret<\/strong>. Installations land-art dans la for\u00eat communale d\u2019Andelot-Morval, Jura.<br>Un projet \u00e9voluant progressivement et \u00e9ph\u00e9m\u00e8re. Les installations sont cr\u00e9\u00e9es avec des objects naturels trouv\u00e9s et\/ou biodegradables.<br>Realisation. Philip BARFRED, plasticien. Autorisation; la commune d&#8217;Andelot-Morval.<\/p>\n\n\n\n<p>Le PAF est un projet du Forest Art Project, FAP cr\u00e9\u00e9 par Philip Barfred en janvier 2017. Il s&#8217;agit d&#8217;un projet socio-artistique visant \u00e0 accro\u00eetre les relations et les interf\u00e9rences homme-for\u00eat. La for\u00eat est vue et comprise comme une entit\u00e9 vivante \u00e9volu\u00e9e, consciente et capable de communiquer. L&#8217;objectif du Projet est de valoriser cette communication inter-esp\u00e8ces par le biais d&#8217;installations \u00ab landart \u00bb, d&#8217;objets, etc. pour le b\u00e9n\u00e9fice mutuel des deux.<\/p>\n\n\n\n<p>\u00ab Les arbres sont les plantes les plus grandes et les plus avanc\u00e9es spirituellement sur Terre. Ils sont constamment en m\u00e9ditation. L&#8217;\u00e9nergie subtile est leur langage naturel.&#8221; ~Mantak Chia<\/p>\n\n\n\n<p><\/p>\n\n\n\n<p>Mars 2020 : La Mairie d&#8217;Andelot-Morval a autoris\u00e9 Forest Art Project \u00e0 d\u00e9marrer la r\u00e9alisation d&#8217;un projet artistique dans la for\u00eat communale menant au belv\u00e9d\u00e8re \u00e0 c\u00f4t\u00e9 du Ch\u00e2teau d&#8217;Andelot. Le projet PAF, Projet Art F\u00f4ret a d\u00e9sormais sa propre page facebook PAF<\/p>\n\n\n\n<p> Page facebook <a rel=\"noreferrer noopener\" href=\"https:\/\/www.facebook.com\/ProjetArtForet\" target=\"_blank\">PAF<\/a><\/p>\n\n\n\n<figure class=\"wp-block-image size-large\"><img decoding=\"async\" loading=\"lazy\" width=\"708\" height=\"593\" src=\"https:\/\/barfred.eu\/gallery\/wp-content\/uploads\/2021\/09\/Unavngivet-1.jpg\" alt=\"\" class=\"wp-image-1064\" srcset=\"https:\/\/barfred.eu\/gallery\/wp-content\/uploads\/2021\/09\/Unavngivet-1.jpg 708w, https:\/\/barfred.eu\/gallery\/wp-content\/uploads\/2021\/09\/Unavngivet-1-300x251.jpg 300w\" sizes=\"(max-width: 708px) 100vw, 708px\" \/><\/figure>\n\n\n\n<h6 class=\"wp-block-heading\" id=\"block-0a7f978d-826b-44cd-85ca-7312a0d32dfa\">Le parcours depuis l\u2019abri forestier. Sur le sentier vers le belv\u00e9d\u00e8re. Une balade culturelle.<\/h6>\n\n\n\n<p><strong>Octobre 2020: Installation: \u201cEncerclement des Pins\u201d.<\/strong><\/p>\n\n\n\n<figure class=\"wp-block-image\"><img decoding=\"async\" loading=\"lazy\" width=\"1024\" height=\"576\" src=\"https:\/\/barfred.eu\/gallery\/wp-content\/uploads\/2020\/10\/20201005_153030_1601913483854_1601914273806_resized-1024x576.jpg\" alt=\"\" class=\"wp-image-899\" srcset=\"https:\/\/barfred.eu\/gallery\/wp-content\/uploads\/2020\/10\/20201005_153030_1601913483854_1601914273806_resized-1024x576.jpg 1024w, https:\/\/barfred.eu\/gallery\/wp-content\/uploads\/2020\/10\/20201005_153030_1601913483854_1601914273806_resized-300x169.jpg 300w, https:\/\/barfred.eu\/gallery\/wp-content\/uploads\/2020\/10\/20201005_153030_1601913483854_1601914273806_resized-768x432.jpg 768w, https:\/\/barfred.eu\/gallery\/wp-content\/uploads\/2020\/10\/20201005_153030_1601913483854_1601914273806_resized-1536x864.jpg 1536w, https:\/\/barfred.eu\/gallery\/wp-content\/uploads\/2020\/10\/20201005_153030_1601913483854_1601914273806_resized-2048x1152.jpg 2048w, https:\/\/barfred.eu\/gallery\/wp-content\/uploads\/2020\/10\/20201005_153030_1601913483854_1601914273806_resized-2000x1125.jpg 2000w, https:\/\/barfred.eu\/gallery\/wp-content\/uploads\/2020\/10\/20201005_153030_1601913483854_1601914273806_resized-1170x658.jpg 1170w\" sizes=\"(max-width: 1024px) 100vw, 1024px\" \/><\/figure>\n\n\n\n<p>Projet Art Foresti\u00e8re. Andelot-Morval octobre 2020. Philip Barfred<br>\u201dEncerclement des Pins\u201d.<br>Installation foresti\u00e8re (land art) octobre 2020. Foret communal Andelot-Morval, Jura.<br>Cre\u00e9(etablir) un lien symbolique avec les arbres (et donc la nature).<br>Les pins sur le parcours vers le belv\u00e9d\u00e8re sont encercle avec la ficelle.<\/p>\n\n\n\n<p><strong>Aout 2021. Installation: \u201cCercles suspendu\u201d:<\/strong><\/p>\n\n\n\n<figure class=\"wp-block-gallery columns-5 is-cropped wp-block-gallery-1 is-layout-flex\"><ul class=\"blocks-gallery-grid\"><li class=\"blocks-gallery-item\"><figure><img decoding=\"async\" loading=\"lazy\" width=\"330\" height=\"600\" src=\"https:\/\/barfred.eu\/gallery\/wp-content\/uploads\/2021\/09\/20210108_154209.jpg\" alt=\"\" data-id=\"1048\" data-full-url=\"https:\/\/barfred.eu\/gallery\/wp-content\/uploads\/2021\/09\/20210108_154209.jpg\" data-link=\"https:\/\/barfred.eu\/gallery\/index.php\/paf-projet-art-foret\/20210108_154209\/\" class=\"wp-image-1048\" srcset=\"https:\/\/barfred.eu\/gallery\/wp-content\/uploads\/2021\/09\/20210108_154209.jpg 330w, https:\/\/barfred.eu\/gallery\/wp-content\/uploads\/2021\/09\/20210108_154209-165x300.jpg 165w\" sizes=\"(max-width: 330px) 100vw, 330px\" \/><\/figure><\/li><li class=\"blocks-gallery-item\"><figure><img decoding=\"async\" loading=\"lazy\" width=\"330\" height=\"600\" src=\"https:\/\/barfred.eu\/gallery\/wp-content\/uploads\/2021\/09\/228476716_1914464968731325_6868286203212086698_n.jpg\" alt=\"\" data-id=\"1049\" data-full-url=\"https:\/\/barfred.eu\/gallery\/wp-content\/uploads\/2021\/09\/228476716_1914464968731325_6868286203212086698_n.jpg\" data-link=\"https:\/\/barfred.eu\/gallery\/index.php\/paf-projet-art-foret\/228476716_1914464968731325_6868286203212086698_n\/\" class=\"wp-image-1049\" srcset=\"https:\/\/barfred.eu\/gallery\/wp-content\/uploads\/2021\/09\/228476716_1914464968731325_6868286203212086698_n.jpg 330w, https:\/\/barfred.eu\/gallery\/wp-content\/uploads\/2021\/09\/228476716_1914464968731325_6868286203212086698_n-165x300.jpg 165w\" sizes=\"(max-width: 330px) 100vw, 330px\" \/><\/figure><\/li><li class=\"blocks-gallery-item\"><figure><img decoding=\"async\" loading=\"lazy\" width=\"330\" height=\"600\" src=\"https:\/\/barfred.eu\/gallery\/wp-content\/uploads\/2021\/09\/229967773_1914464795398009_4387011681069242601_n.jpg\" alt=\"\" data-id=\"1050\" data-full-url=\"https:\/\/barfred.eu\/gallery\/wp-content\/uploads\/2021\/09\/229967773_1914464795398009_4387011681069242601_n.jpg\" data-link=\"https:\/\/barfred.eu\/gallery\/index.php\/paf-projet-art-foret\/229967773_1914464795398009_4387011681069242601_n\/\" class=\"wp-image-1050\" srcset=\"https:\/\/barfred.eu\/gallery\/wp-content\/uploads\/2021\/09\/229967773_1914464795398009_4387011681069242601_n.jpg 330w, https:\/\/barfred.eu\/gallery\/wp-content\/uploads\/2021\/09\/229967773_1914464795398009_4387011681069242601_n-165x300.jpg 165w\" sizes=\"(max-width: 330px) 100vw, 330px\" \/><\/figure><\/li><li class=\"blocks-gallery-item\"><figure><img decoding=\"async\" loading=\"lazy\" width=\"600\" height=\"338\" src=\"https:\/\/barfred.eu\/gallery\/wp-content\/uploads\/2021\/09\/230141379_1914465045397984_9160243392027282367_n.jpg\" alt=\"\" data-id=\"1051\" data-full-url=\"https:\/\/barfred.eu\/gallery\/wp-content\/uploads\/2021\/09\/230141379_1914465045397984_9160243392027282367_n.jpg\" data-link=\"https:\/\/barfred.eu\/gallery\/index.php\/paf-projet-art-foret\/230141379_1914465045397984_9160243392027282367_n\/\" class=\"wp-image-1051\" srcset=\"https:\/\/barfred.eu\/gallery\/wp-content\/uploads\/2021\/09\/230141379_1914465045397984_9160243392027282367_n.jpg 600w, https:\/\/barfred.eu\/gallery\/wp-content\/uploads\/2021\/09\/230141379_1914465045397984_9160243392027282367_n-300x169.jpg 300w\" sizes=\"(max-width: 600px) 100vw, 600px\" \/><\/figure><\/li><li class=\"blocks-gallery-item\"><figure><img decoding=\"async\" loading=\"lazy\" width=\"330\" height=\"600\" src=\"https:\/\/barfred.eu\/gallery\/wp-content\/uploads\/2021\/09\/231360658_1914464898731332_1891724774549768030_n.jpg\" alt=\"\" data-id=\"1052\" data-full-url=\"https:\/\/barfred.eu\/gallery\/wp-content\/uploads\/2021\/09\/231360658_1914464898731332_1891724774549768030_n.jpg\" data-link=\"https:\/\/barfred.eu\/gallery\/index.php\/paf-projet-art-foret\/231360658_1914464898731332_1891724774549768030_n\/\" class=\"wp-image-1052\" srcset=\"https:\/\/barfred.eu\/gallery\/wp-content\/uploads\/2021\/09\/231360658_1914464898731332_1891724774549768030_n.jpg 330w, https:\/\/barfred.eu\/gallery\/wp-content\/uploads\/2021\/09\/231360658_1914464898731332_1891724774549768030_n-165x300.jpg 165w\" sizes=\"(max-width: 330px) 100vw, 330px\" \/><\/figure><\/li><\/ul><\/figure>\n\n\n\n<p>Projet Art Foresti\u00e8re. Andelot-Morval aout 2021. Philip Barfred<br>\u201dCercles suspendu\u201d. Recepteurs. Fen\u00e8tres. Portails. Ouvertures.<br>Installation foresti\u00e8re (land art) aout 2021. Foret communal Andelot-Morval, Jura.<\/p>\n","protected":false},"excerpt":{"rendered":"<p>PAF. Projet Art F\u00f4ret. Installations land-art dans la for\u00eat communale d\u2019Andelot-Morval, Jura.Un projet \u00e9voluant progressivement et \u00e9ph\u00e9m\u00e8re. Les installations sont cr\u00e9\u00e9es avec des objects naturels trouv\u00e9s et\/ou biodegradables.Realisation. Philip BARFRED, plasticien. Autorisation; la commune d&#8217;Andelot-Morval. Le PAF est un projet du Forest Art Project, FAP cr\u00e9\u00e9 par Philip Barfred en janvier 2017. Il s&#8217;agit d&#8217;un [&hellip;]<\/p>\n","protected":false},"author":1,"featured_media":0,"parent":0,"menu_order":0,"comment_status":"closed","ping_status":"closed","template":"","meta":[],"_links":{"self":[{"href":"https:\/\/barfred.eu\/gallery\/index.php\/wp-json\/wp\/v2\/pages\/1044"}],"collection":[{"href":"https:\/\/barfred.eu\/gallery\/index.php\/wp-json\/wp\/v2\/pages"}],"about":[{"href":"https:\/\/barfred.eu\/gallery\/index.php\/wp-json\/wp\/v2\/types\/page"}],"author":[{"embeddable":true,"href":"https:\/\/barfred.eu\/gallery\/index.php\/wp-json\/wp\/v2\/users\/1"}],"replies":[{"embeddable":true,"href":"https:\/\/barfred.eu\/gallery\/index.php\/wp-json\/wp\/v2\/comments?post=1044"}],"version-history":[{"count":13,"href":"https:\/\/barfred.eu\/gallery\/index.php\/wp-json\/wp\/v2\/pages\/1044\/revisions"}],"predecessor-version":[{"id":1109,"href":"https:\/\/barfred.eu\/gallery\/index.php\/wp-json\/wp\/v2\/pages\/1044\/revisions\/1109"}],"wp:attachment":[{"href":"https:\/\/barfred.eu\/gallery\/index.php\/wp-json\/wp\/v2\/media?parent=1044"}],"curies":[{"name":"wp","href":"https:\/\/api.w.org\/{rel}","templated":true}]}}